by g/(-12)*d + -2?
19
Let i(p) be the third derivative of 17*p**6/20 - p**5/12 + p**4/6 - p**3/6 + 29*p**2. What is the remainder when i(1) is divided by 6/(-21) + 184/7?
22
Let s(n) = n. Let l = -17 + 11. What is the remainder when -14*1/7*l is divided by s(7)?
5
Suppose 99*m = 90*m + 2727. What is the remainder when m is divided by 18?
15
Let p = -3 + 5. Let f = -36 - -61. What is the remainder when f is divided by 9/4*(p - -2)?
7
Let k(i) be the second derivative of -3*i**3/2 + 13*i**2/2 - 9*i. Let c be k(-5). Let t = 83 - c. Calculate the remainder when 49 is divided by t.
24
Let y = -185 + 187. Calculate the remainder when 146/6 - (1 - (-4)/(-6)) is divided by y.
0
Let f = 1282 + -1137. What is the remainder when f is divided by 7?
5
Let k = -246 - -305. Suppose 0 = 2*t + t - 6, 0 = -4*i - 4*t + 940. Calculate the remainder when i is divided by k.
56
Let g(r) be the third derivative of r**6/120 - r**5/3 - 17*r**4/24 - 19*r**3/6 + 4*r**2. Calculate the remainder when g(21) is divided by 7.
2
Let j(v) = -v**3 + 13*v**2 - 23*v + 5. Let t be j(11). What is the remainder when ((-4)/t - -3)/((-1)/(-3)) is divided by 3?
2
Suppose -78 = -3*r + 12. Suppose 2*w - 44 = -2*b, -80 + 8 = -3*w - 2*b. What is the remainder when w is divided by r/9*(-18)/(-4)?
13
Let x be (-15)/3*-2 - -3. Suppose -5*j - 5*y = -20, -2*y + 35 = 5*j - 0*y. Calculate the remainder when (1 + x - -3)/1 is divided by j.
8
Suppose -5*r - 3*q = -0*q - 887, -3*q = -5*r + 893. Suppose 0 = 4*l + 2*d - 80 - r, 3*l = d + 191. What is the remainder when l is divided by 22?
20
Suppose -4*j = -3*n + 156, -130 = -2*n - 2*j - 40. Let v = 600 + -411. What is the remainder when v is divided by n?
45
Let u be ((-12)/(-16))/((-2)/(-48)). Let g = -10 + u. What is the remainder when 12/(-66) - 488/(-22) is divided by g?
6
Suppose 0*q - 6 = 2*q, -5*q + 183 = 2*x. Calculate the remainder when x is divided by (-7 - -13) + 18 + 2/2.
24
What is the remainder when (-2)/(-14) + 38324/154 is divided by 16?
9
Suppose -10 = -4*m + 2*c, -4*m + 3*m - 11 = 4*c. Calculate the remainder when (-89)/(m + (4 - 6)) is divided by 18.
17
Suppose -2*o - 8 = -4*o. Suppose -3*q = -7*q + o. Calculate the remainder when (-74 - q)/(-3) + 1 is divided by 7.
5
Suppose 100 = -5*d + 3*d. Let v = -32 - d. What is the remainder when 71/(-2*(-2)/4) is divided by v?
17
Let x(l) = l**2 - 13*l + 59. Calculate the remainder when x(10) is divided by 15.
14
Let f be 140 - (-3 + 6 + -1). Suppose -4*r = 206 + f. Let z = 122 + r. Calculate the remainder when 69 is divided by z.
33
Let k = -447 + 448. Suppose 5*a + 4 = 3*a + 5*c, 5*c = -5*a + 25. What is the remainder when a is divided by k?
0
Let w(s) = -160*s**3 - 3*s**2 + 3*s + 4. Calculate the remainder when w(-1) is divided by 8.
6
Suppose -5*s - 2*r = -95, -7*s - 4*r = -2*s - 95. What is the remainder when 3/(-7)*63/36*-72 is divided by s?
16
Suppose 4*x + 4*p = 128, 2*x - 4*x + p + 67 = 0. Calculate the remainder when x is divided by 5.
3
Let o(s) = -3*s - 4. Let j be o(-3). Suppose 0*g + r = -2*g + 163, j*g - 413 = 3*r. Suppose 10*k - g = 8*k. Calculate the remainder when k is divided by 22.
19
Let o(t) = 4*t - 5. Suppose -g + 3*q + 308 = -202, -2*q = -3*g + 1537. What is the remainder when 4/(-6)*g/(-6) is divided by o(5)?
12
Suppose -26 = l - 29. Suppose -l*o + o - 54 = 0. Calculate the remainder when -4 + (0 - (o - -4)) is divided by 11.
8
Let m be 6/2*4/6. Calculate the remainder when 33 is divided by (-7)/m*(288/28)/(-3).
9
Let k = -43 - -161. What is the remainder when k is divided by 41?
36
Let a(x) = -4*x - 11. Let t be a(6). Let r be 2/7 + (-4260)/t. Suppose -3*s + r = 35. Calculate the remainder when s is divided by 8.
5
Let x be (-136)/(-12) - (-1)/(-3). Let v = x - 12. What is the remainder when (321/(-9))/(v/3) is divided by 27?
26
What is the remainder when (-66)/(-286) - (-1424)/26 is divided by 17?
4
Suppose 17*k - 1764 = 293. Calculate the remainder when k is divided by 35.
16
Suppose -2*a = -125 - 25. What is the remainder when a is divided by 40?
35
Let h = 38 - 42. Let c(q) = -9*q - 3. What is the remainder when 98 is divided by c(h)?
32
Let q(d) = 1 + 7*d - 7 - 3 + d**3 + 4*d + 13*d**2. Let j = -17 + 20. Calculate the remainder when j is divided by q(-12).
0
Suppose 5*i + n = 112, n + 59 + 5 = 3*i. Let a be 2*(3/(-1) - 1). Let w(o) = -10*o + 5. Calculate the remainder when w(a) is divided by i.
19
Let d(j) = j**2 + 16*j + 61. What is the remainder when 39 is divided by d(-13)?
17
Let v be 6/(-12)*0/(1 - -1). Suppose v = -4*j - 17 + 137. What is the remainder when 86 is divided by j?
26
Suppose -4*o = 2*d - 6*d + 924, 0 = d - 2*o - 227. What is the remainder when d is divided by 14?
11
Let b(m) = -5*m - 10. Let k(j) = -64*j - 128. Let g(x) = 40*b(x) - 3*k(x). What is the remainder when g(-4) is divided by 5?
1
Suppose -4*n + 41 = 17. Suppose 149 = -11*u + 39. What is the remainder when -3*2*u/6 is divided by n?
4
Suppose 38*h + 48 = 46*h. What is the remainder when 16 is divided by h?
4
Let i = -8 - -23. Suppose 0 = -131*y + 79*y + 208. What is the remainder when i is divided by y?
3
Suppose 5*v = -h + 37, 2*v - 49 = -3*v + 3*h. Let b = -3712 - -3743. What is the remainder when b is divided by v?
7
Let n = 71 + 44. Calculate the remainder when n is divided by 21.
10
Suppose -5*f + f = 24. What is the remainder when -1*(f - -4) + 32 is divided by 18?
16
Suppose 37 = 4*r + 1. Let w = -129 + 232. Suppose -5*b = 2*p - 83, 3*p = -4*b + 11 + w. Calculate the remainder when p is divided by r.
7
Let a = -8 - -17. Suppose 430 = 3*m + 2*g, -2*g - 26 + 596 = 4*m. Suppose -3*p + 5*c = 2*p - 175, -5*c + m = 4*p. What is the remainder when p is divided by a?
8
Suppose l + 1578 = 7*l. What is the remainder when l is divided by 17?
8
Suppose -5*d = -m + 2*m - 242, -238 = -5*d + m. Suppose 5*j - 7 = d. Calculate the remainder when 19 is divided by j.
8
Let b(x) = 2*x + 2 - 3*x + 0*x. Calculate the remainder when 7 is divided by b(-2).
3
Let o(y) = 36*y**2 - 19*y - 6. Calculate the remainder when o(-3) is divided by 18.
15
Let y = -217 - -327. Suppose -y = -2*t - 5*n - 4, -t - n = -56. Calculate the remainder when t is divided by 12.
10
Suppose 1145 = 9*g - 2239. Calculate the remainder when g is divided by 14.
12
Let g = 15 + -11. Calculate the remainder when (-56)/35*10/(-4) - -15 is divided by g.
3
Let m(x) = 2*x**2 + 21*x - 101*x**3 - 6*x**2 - 1 + 100*x**3. What is the remainder when m(-8) is divided by 46?
41
Suppose -4*a = -0 + 28. Let m(h) = h**3 + 7*h**2 - 2*h + 8. What is the remainder when m(a) is divided by 13?
9
Suppose 23*v - 25*v + 160 = 5*q, 4*v = -2*q + 64. Calculate the remainder when 637 is divided by q.
29
Suppose -3*x - 4*q - 12 = 0, 7*x - 6*x - 2*q = 6. Suppose 0*z = -3*s + 3*z + 45, -5*z + 15 = x. What is the remainder when s is divided by (5*-1)/(1*-1)?
3
Let c = 827 - 794. What is the remainder when 58 is divided by c?
25
What is the remainder when 19 is divided by (4 - (8 - -8))/(9/(-6))?
3
Let k be (5 - 3)*1 + 4. Let h = 37 - k. Calculate the remainder when 91 is divided by h.
29
Suppose -11*t + 9*t - 5*a = -2, 0 = -2*t - 4*a + 6. Calculate the remainder when 21 is divided by t.
10
Let j be 2*(-3 + 84/(-8)). Let p = 35 + j. Calculate the remainder when 1 + (2 - -26) + 2 is divided by p.
7
Suppose 48 = -16*k + 832. What is the remainder when 242 is divided by k?
46
Suppose t - 25 - 53 = 0. Suppose -2*j - 20 = -t. Suppose 0 = -6*z - 199 + 697. What is the remainder when z is divided by j?
25
Let v(f) = -3*f + 82 + 4*f + 4*f - 98. Calculate the remainder when 74 is divided by v(11).
35
Let f = 24 + -26. Let t be ((-1)/f)/((-2)/(-88)). Suppose -l - t + 91 = 2*w, 5*w - 195 = 2*l. What is the remainder when w is divided by 19?
18
Let s be -16*((-3)/6 + -1). Suppose 8 + s = 4*r. Suppose 198*w = 205*w - 147. What is the remainder when w is divided by r?
5
Let x be 12*(-3 + 2)/(-1). Let y be -1*(-136)/x*3. Let t = 38 - y. Calculate the remainder when 16 is divided by t.
0
Let v(k) = -6 + 4*k - 2*k - 6*k + 46*k**2 - 36*k**2. What is the remainder when v(3) is divided by 37?
35
Let b(j) = -j**3 - 3*j**2 - 5*j + 1. Calculate the remainder when 68 is divided by b(-2).
5
Let b = -30 - -49. Let v(f) = -2*f**2 - 33*f + 244. What is the remainder when v(-19) is divi